{"id":16143,"date":"2023-11-29T11:51:24","date_gmt":"2023-11-29T11:51:24","guid":{"rendered":"https:\/\/butam.az\/?page_id=16143"},"modified":"2023-11-30T17:14:01","modified_gmt":"2023-11-30T17:14:01","slug":"tarix","status":"publish","type":"page","link":"https:\/\/butam.az\/index.php\/tarix\/","title":{"rendered":"Tarix"},"content":{"rendered":"\t\t<div data-elementor-type=\"wp-page\" data-elementor-id=\"16143\" class=\"elementor elementor-16143\" data-elementor-post-type=\"page\">\n\t\t\t\t<div class=\"elementor-element elementor-element-9e26bdb e-flex e-con-boxed wd-section-disabled e-con e-parent\" data-id=\"9e26bdb\" data-element_type=\"container\">\n\t\t\t\t\t<div class=\"e-con-inner\">\n\t\t\t\t<div class=\"elementor-element elementor-element-8b13e39 elementor-widget elementor-widget-wd_text_block\" data-id=\"8b13e39\" data-element_type=\"widget\" data-widget_type=\"wd_text_block.default\">\n\t\t\t\t<div class=\"elementor-widget-container\">\n\t\t\t\t\t\t\t<div class=\"wd-text-block reset-last-child text-left\">\n\t\t\t\n\t\t\t<p>Ali Ba\u015f Komandan\u0131m\u0131z\u0131n r\u0259hb\u0259rliyi il\u0259 m\u00fcz\u0259ff\u0259r ordumuzun \u0259ld\u0259 etdiyi m\u00f6ht\u0259\u015f\u0259m Q\u0259l\u0259b\u0259 m\u00fcnasib\u0259til\u0259 h\u0259r birinizi s\u0259mimi q\u0259lbd\u0259n t\u0259brik edir\u0259m. 27 sentyabr tarixind\u0259n ba\u015flayaraq, do\u011fma Az\u0259rbaycan\u0131m\u0131z\u0131n h\u0259m d\u00f6y\u00fc\u015f meydan\u0131nda, h\u0259m d\u0259 diplomatik dan\u0131\u015f\u0131qlarda qazand\u0131\u011f\u0131 z\u0259f\u0259rl\u0259r h\u0259r birimizd\u0259 b\u00f6y\u00fck f\u0259xar\u0259t hissi yarad\u0131b. Bel\u0259 ki, 30 illik h\u0259sr\u0259t\u0259 son qoyan bu \u0259z\u0259m\u0259tli Q\u0259l\u0259b\u0259 d\u00fc\u015fm\u0259n is\u011fal\u0131nda olan \u0259z\u0259li torpaqlar\u0131m\u0131z\u0131n azad edilm\u0259si v\u0259 \u0259razi b\u00fct\u00f6vl\u00fcy\u00fcm\u00fcz\u00fcn t\u0259min edilm\u0259si dem\u0259kdir. \u0259minik ki, milli birliyimizi daha da g\u00fccl\u0259ndir\u0259n bu tarixi qalibiyy\u0259t m\u00fcasir Az\u0259rbaycan tarixinin \u015fanl\u0131 s\u0259hif\u0259l\u0259rinin yaz\u0131lmas\u0131 il\u0259 yadda qalacaq.<br \/>Biz f\u0259xr edirik ki, q\u0259hr\u0259man Az\u0259rbaycan xalq\u0131 bu q\u0259l\u0259b\u0259ni d\u00f6y\u00fc\u015f meydan\u0131nda qazand\u0131. 300-\u0259 yax\u0131n yasay\u0131\u015f m\u0259nt\u0259q\u0259si, o c\u00fcml\u0259d\u0259n, F\u00fczuli, C\u0259bray\u0131l, Z\u0259ngilan, Qubadl\u0131, \u015eu\u015fa \u015f\u0259h\u0259rl\u0259ri, Hadrut, Suqovu\u015fan v\u0259 dig\u0259r q\u0259s\u0259b\u0259l\u0259r d\u00f6y\u00fc\u015f meydan\u0131nda azad edildi. Az\u0259rbaycan Q\u0259l\u0259b\u0259 z\u0259f\u0259rin\u0259 \u0259sg\u0259rinin r\u0259\u015fad\u0259ti il\u0259 imza atd\u0131.<\/p><p>Bir daha V\u0259t\u0259n M\u00fcharib\u0259sind\u0259 qazand\u0131g\u0131m\u0131z q\u0259l\u0259b\u0259 m\u00fcnasib\u0259ti il\u0259 h\u0259r birinizi t\u0259brik edir\u0259m. Qan\u0131 il\u0259 tarix yazan \u015f\u0259hidl\u0259rimiz\u0259 Allahdan r\u0259hm\u0259t, yaral\u0131lar\u0131m\u0131za is\u0259 \u015f\u0259fa dil\u0259yir\u0259m!<\/p><p>Qaraba\u011f \u2013 Az\u0259rbaycand\u0131r!<\/p><p>\u201cAZPROTR\u201d M\u0259hdud M\u0259suliyy\u0259tli C\u0259miyy\u0259tinin direktoru Tural R\u0259himov<\/p>\n\t\t\t\t\t<\/div>\n\t\t\t\t\t\t<\/div>\n\t\t\t\t<\/div>\n\t\t\t\t\t<\/div>\n\t\t\t\t<\/div>\n\t\t\t\t<\/div>\n\t\t","protected":false},"excerpt":{"rendered":"<p>Ali Ba\u015f Komandan\u0131m\u0131z\u0131n r\u0259hb\u0259rliyi il\u0259 m\u00fcz\u0259ff\u0259r ordumuzun \u0259ld\u0259 etdiyi m\u00f6ht\u0259\u015f\u0259m Q\u0259l\u0259b\u0259 m\u00fcnasib\u0259til\u0259 h\u0259r birinizi s\u0259mimi q\u0259lbd\u0259n t\u0259brik edir\u0259m. 27 sentyabr<\/p>\n","protected":false},"author":1,"featured_media":0,"parent":0,"menu_order":0,"comment_status":"closed","ping_status":"closed","template":"","meta":{"footnotes":""},"class_list":["post-16143","page","type-page","status-publish","hentry"],"_links":{"self":[{"href":"https:\/\/butam.az\/index.php\/wp-json\/wp\/v2\/pages\/16143"}],"collection":[{"href":"https:\/\/butam.az\/index.php\/wp-json\/wp\/v2\/pages"}],"about":[{"href":"https:\/\/butam.az\/index.php\/wp-json\/wp\/v2\/types\/page"}],"author":[{"embeddable":true,"href":"https:\/\/butam.az\/index.php\/wp-json\/wp\/v2\/users\/1"}],"replies":[{"embeddable":true,"href":"https:\/\/butam.az\/index.php\/wp-json\/wp\/v2\/comments?post=16143"}],"version-history":[{"count":25,"href":"https:\/\/butam.az\/index.php\/wp-json\/wp\/v2\/pages\/16143\/revisions"}],"predecessor-version":[{"id":16248,"href":"https:\/\/butam.az\/index.php\/wp-json\/wp\/v2\/pages\/16143\/revisions\/16248"}],"wp:attachment":[{"href":"https:\/\/butam.az\/index.php\/wp-json\/wp\/v2\/media?parent=16143"}],"curies":[{"name":"wp","href":"https:\/\/api.w.org\/{rel}","templated":true}]}}