{"id":16380,"date":"2024-01-18T09:36:55","date_gmt":"2024-01-18T09:36:55","guid":{"rendered":"https:\/\/butam.az\/?post_type=product&#038;p=16380"},"modified":"2024-01-18T09:44:49","modified_gmt":"2024-01-18T09:44:49","slug":"nur-pomidor-pastasi-oz-siresinde","status":"publish","type":"product","link":"https:\/\/butam.az\/index.php\/product\/nur-pomidor-pastasi-oz-siresinde\/","title":{"rendered":"NUR Pomidor pastas\u0131 (\u00f6z \u015fir\u0259sind\u0259)"},"content":{"rendered":"","protected":false},"excerpt":{"rendered":"","protected":false},"featured_media":16357,"comment_status":"closed","ping_status":"closed","template":"","meta":[],"product_cat":[70],"product_tag":[],"class_list":{"0":"post-16380","1":"product","2":"type-product","3":"status-publish","4":"has-post-thumbnail","6":"product_cat-dadlandiricilar","8":"first","9":"instock","10":"shipping-taxable","11":"product-type-external"},"_links":{"self":[{"href":"https:\/\/butam.az\/index.php\/wp-json\/wp\/v2\/product\/16380"}],"collection":[{"href":"https:\/\/butam.az\/index.php\/wp-json\/wp\/v2\/product"}],"about":[{"href":"https:\/\/butam.az\/index.php\/wp-json\/wp\/v2\/types\/product"}],"replies":[{"embeddable":true,"href":"https:\/\/butam.az\/index.php\/wp-json\/wp\/v2\/comments?post=16380"}],"version-history":[{"count":2,"href":"https:\/\/butam.az\/index.php\/wp-json\/wp\/v2\/product\/16380\/revisions"}],"predecessor-version":[{"id":16389,"href":"https:\/\/butam.az\/index.php\/wp-json\/wp\/v2\/product\/16380\/revisions\/16389"}],"wp:featuredmedia":[{"embeddable":true,"href":"https:\/\/butam.az\/index.php\/wp-json\/wp\/v2\/media\/16357"}],"wp:attachment":[{"href":"https:\/\/butam.az\/index.php\/wp-json\/wp\/v2\/media?parent=16380"}],"wp:term":[{"taxonomy":"product_cat","embeddable":true,"href":"https:\/\/butam.az\/index.php\/wp-json\/wp\/v2\/product_cat?post=16380"},{"taxonomy":"product_tag","embeddable":true,"href":"https:\/\/butam.az\/index.php\/wp-json\/wp\/v2\/product_tag?post=16380"}],"curies":[{"name":"wp","href":"https:\/\/api.w.org\/{rel}","templated":true}]}}